{"id":192,"date":"2015-10-21T03:07:17","date_gmt":"2015-10-21T00:07:17","guid":{"rendered":"http:\/\/www.viro-instituutti.fi\/nippernaati\/?page_id=192"},"modified":"2016-09-15T12:56:47","modified_gmt":"2016-09-15T09:56:47","slug":"tapaa-kirjailija","status":"publish","type":"page","link":"https:\/\/www.viro-instituutti.fi\/nippernaati\/tapaa-kirjailija\/","title":{"rendered":"Tapaa kirjailija"},"content":{"rendered":"<h3 style=\"text-align: center;\">Nippernaati-antologian kirjailijoiden esiintymiset<\/h3>\n<p>Antologian kirjailijoita ja suomentajia on esill\u00e4 <a href=\"http:\/\/www.viro-instituutti.fi\/viro-ohjelma-turun-kirjamessuilla\/\" target=\"_blank\">Turun kirjamessuilla<\/a> lokakuussa,\u00a0<a href=\"http:\/\/www.martinmarkkinat.fi\" target=\"_blank\">Martin markkinoilla<\/a> Helsingiss\u00e4 marraskuussa sek\u00e4 <a href=\"http:\/\/www.tuglas.fi\/virolaisen_kirjallisuuden_viikko\" target=\"_blank\">Virolaisen kirjallisuuden viikoilla\u00a0helmikuussa<\/a> vuonna 2017.<\/p>\n<h3 style=\"text-align: center;\">Turun kirjamessut<\/h3>\n<h4 style=\"text-align: center;\">30.9.-2.10.2016<br \/>\nTurun messukeskuksessa<\/h4>\n<p>13.45-14.15 Virolaisen nykykirjallisuuden antologia Nippernaati 2<br \/>\nRunohuoneessa r\u00e4isk\u00e4htelev\u00e4t meit\u00e4 juuri t\u00e4ss\u00e4 ja nyt koskettavaa \u201dajallista\u201d taidetta \u2013 ei siis ajatonta taidetta \u2013 mets\u00e4st\u00e4v\u00e4 Sveta Grigorjeva sek\u00e4 armoitettu lausuja ja aika velikulta Kaur Riismaa.<\/p>\n<p>16.55-17.20 Uuta virolaiskirjallisuutta: Virolaisen nykykirjallisuuden antologia Nippernaati 2<br \/>\nMit\u00e4 mielenkiintoista Viron kirjallisuudessa on meneill\u00e4\u00e4n? Keskustelemassa runoilija-prosaisti J\u00fcri Kolk ja prosaisti Mart Kivastik, haastattelijana suomentaja ja Nippernaati-antologian p\u00e4\u00e4toimittaja Sanna Immanen.<\/p>\n<h3 style=\"text-align: center;\">Tuglas-seuran Martin markkinat<\/h3>\n<h4 style=\"text-align: center;\">19.-20. marraskuuta<br \/>\nHelsingin Kaapelitehtaalla<\/h4>\n<p>Nippernaati-antologian kirjailijat esiintyv\u00e4t Koidula-lavalla ja lukevat tekstej\u00e4\u00e4n Kirjallisuussalongissa: Mudlum, Jaan Undusk, Paavo Matsin, Ilmar Taska ja Kai Aareleid. Kirjailijoita haastattelee antologian p\u00e4\u00e4toimittaja Sanna\u00a0Immanen.<\/p>\n<p><a href=\"http:\/\/www.viro-instituutti.fi\/aihe\/tapahtumia\/\" target=\"_blank\">Lue lis\u00e4\u00e4 Viro-instituutin Tapahtumia-sivuilta!<\/a><\/p>\n","protected":false},"excerpt":{"rendered":"<p>Nippernaati-antologian kirjailijoiden esiintymiset Antologian kirjailijoita ja suomentajia on esill\u00e4 Turun kirjamessuilla lokakuussa,\u00a0Martin markkinoilla Helsingiss\u00e4 marraskuussa sek\u00e4 Virolaisen kirjallisuuden viikoilla\u00a0helmikuussa vuonna 2017. Turun kirjamessut 30.9.-2.10.2016 Turun messukeskuksessa 13.45-14.15 Virolaisen nykykirjallisuuden antologia Nippernaati 2 Runohuoneessa r\u00e4isk\u00e4htelev\u00e4t meit\u00e4 juuri t\u00e4ss\u00e4 ja nyt koskettavaa \u201dajallista\u201d taidetta \u2013 ei siis ajatonta taidetta \u2013 mets\u00e4st\u00e4v\u00e4 Sveta Grigorjeva sek\u00e4 armoitettu lausuja ja aika velikulta Kaur Riismaa. 16.55-17.20 &#8230;<\/p>\n","protected":false},"author":1,"featured_media":0,"parent":0,"menu_order":10,"comment_status":"closed","ping_status":"closed","template":"","meta":{"inline_featured_image":false},"jetpack_sharing_enabled":true,"_links":{"self":[{"href":"https:\/\/www.viro-instituutti.fi\/nippernaati\/wp-json\/wp\/v2\/pages\/192"}],"collection":[{"href":"https:\/\/www.viro-instituutti.fi\/nippernaati\/wp-json\/wp\/v2\/pages"}],"about":[{"href":"https:\/\/www.viro-instituutti.fi\/nippernaati\/wp-json\/wp\/v2\/types\/page"}],"author":[{"embeddable":true,"href":"https:\/\/www.viro-instituutti.fi\/nippernaati\/wp-json\/wp\/v2\/users\/1"}],"replies":[{"embeddable":true,"href":"https:\/\/www.viro-instituutti.fi\/nippernaati\/wp-json\/wp\/v2\/comments?post=192"}],"version-history":[{"count":22,"href":"https:\/\/www.viro-instituutti.fi\/nippernaati\/wp-json\/wp\/v2\/pages\/192\/revisions"}],"predecessor-version":[{"id":325,"href":"https:\/\/www.viro-instituutti.fi\/nippernaati\/wp-json\/wp\/v2\/pages\/192\/revisions\/325"}],"wp:attachment":[{"href":"https:\/\/www.viro-instituutti.fi\/nippernaati\/wp-json\/wp\/v2\/media?parent=192"}],"curies":[{"name":"wp","href":"https:\/\/api.w.org\/{rel}","templated":true}]}}

<h3 style="text-align: center;">Nippernaati-antologian kirjailijoiden esiintymiset</h3>
<p>Antologian kirjailijoita ja suomentajia on esillä <a href="http://www.viro-instituutti.fi/viro-ohjelma-turun-kirjamessuilla/" target="_blank">Turun kirjamessuilla</a> lokakuussa, <a href="http://www.martinmarkkinat.fi" target="_blank">Martin markkinoilla</a> Helsingissä marraskuussa sekä <a href="http://www.tuglas.fi/virolaisen_kirjallisuuden_viikko" target="_blank">Virolaisen kirjallisuuden viikoilla helmikuussa</a> vuonna 2017.</p>
<h3 style="text-align: center;">Turun kirjamessut</h3>
<h4 style="text-align: center;">30.9.-2.10.2016<br />
Turun messukeskuksessa</h4>
<p>13.45-14.15 Virolaisen nykykirjallisuuden antologia Nippernaati 2<br />
Runohuoneessa räiskähtelevät meitä juuri tässä ja nyt koskettavaa ”ajallista” taidetta – ei siis ajatonta taidetta – metsästävä Sveta Grigorjeva sekä armoitettu lausuja ja aika velikulta Kaur Riismaa.</p>
<p>16.55-17.20 Uuta virolaiskirjallisuutta: Virolaisen nykykirjallisuuden antologia Nippernaati 2<br />
Mitä mielenkiintoista Viron kirjallisuudessa on meneillään? Keskustelemassa runoilija-prosaisti Jüri Kolk ja prosaisti Mart Kivastik, haastattelijana suomentaja ja Nippernaati-antologian päätoimittaja Sanna Immanen.</p>
<h3 style="text-align: center;">Tuglas-seuran Martin markkinat</h3>
<h4 style="text-align: center;">19.-20. marraskuuta<br />
Helsingin Kaapelitehtaalla</h4>
<p>Nippernaati-antologian kirjailijat esiintyvät Koidula-lavalla ja lukevat tekstejään Kirjallisuussalongissa: Mudlum, Jaan Undusk, Paavo Matsin, Ilmar Taska ja Kai Aareleid. Kirjailijoita haastattelee antologian päätoimittaja Sanna Immanen.</p>
<p><a href="http://www.viro-instituutti.fi/aihe/tapahtumia/" target="_blank">Lue lisää Viro-instituutin Tapahtumia-sivuilta!</a></p>

<p>Nippernaati-antologian kirjailijoiden esiintymiset Antologian kirjailijoita ja suomentajia on esillä Turun kirjamessuilla lokakuussa, Martin markkinoilla Helsingissä marraskuussa sekä Virolaisen kirjallisuuden viikoilla helmikuussa vuonna 2017. Turun kirjamessut 30.9.-2.10.2016 Turun messukeskuksessa 13.45-14.15 Virolaisen nykykirjallisuuden antologia Nippernaati 2 Runohuoneessa räiskähtelevät meitä juuri tässä ja nyt koskettavaa ”ajallista” taidetta – ei siis ajatonta taidetta – metsästävä Sveta Grigorjeva sekä armoitettu lausuja ja aika velikulta Kaur Riismaa. 16.55-17.20 &#8230;</p>
