{"id":309,"date":"2016-09-15T11:21:11","date_gmt":"2016-09-15T08:21:11","guid":{"rendered":"http:\/\/www.viro-instituutti.fi\/nippernaati\/?page_id=309"},"modified":"2016-10-03T15:46:58","modified_gmt":"2016-10-03T12:46:58","slug":"sveta-grigorjeva","status":"publish","type":"page","link":"https:\/\/www.viro-instituutti.fi\/nippernaati\/nippernaati-2\/sveta-grigorjeva\/","title":{"rendered":"Sveta Grigorjeva"},"content":{"rendered":"<div id=\"author-link\"><a href=\"#author\">Lue lis\u00e4\u00e4 kirjailijasta<\/a><\/div>\n<h2>Runoja<\/h2>\n<h4>Suomentanut Tuula Irene Friman<\/h4>\n<h3>synnyin vuonna 1988<\/h3>\n<p>ei en puhu viroa aksentilla<br \/>\netenk\u00e4\u00e4n silloin<br \/>\nkun j\u00e4t\u00e4n nimeni kertomatta<br \/>\nei en puhu ven\u00e4j\u00e4\u00e4k\u00e4\u00e4n aksentilla<br \/>\netenk\u00e4\u00e4n silloin kun j\u00e4t\u00e4n kertomatta virolaisen \u00e4itini nimen<\/p>\n<p>lue t\u00e4m\u00e4 runo<br \/>\nkatsomatta nime\u00e4ni<\/p>\n<p>lue t\u00e4m\u00e4 runo<br \/>\nilman minun nime\u00e4ni<\/p>\n<p>ja sano viel\u00e4<br \/>\nett\u00e4 puhun aksentilla<\/p>\n<p>t\u00e4ll\u00e4 paperilla<\/p>\n<p>ja<br \/>\nei<br \/>\nmin\u00e4 en halua pseudonyymi\u00e4<\/p>\n<p>vasta lukion j\u00e4lkeen minusta tuli taas<\/p>\n<p>sveta<\/p>\n<p>ennen olin svea<\/p>\n<p>\u00e4idist\u00e4 se tuntui virolaisemmalta<\/p>\n<p>(passissa minulla on is\u00e4n antama nimi<br \/>\nsveta)<\/p>\n<p>ja niin min\u00e4 kuljin<br \/>\nensimm\u00e4isest\u00e4 koulup\u00e4iv\u00e4st\u00e4 alkaen ymp\u00e4riins\u00e4<\/p>\n<p>esitellen itseni<br \/>\njonain toisena<\/p>\n<p>ei kiitos<\/p>\n<p>mieluummin vaikka puhun<br \/>\nteid\u00e4n mielest\u00e4nne<br \/>\naksentilla<\/p>\n<p>kuin k\u00e4rsin persoonallisuuden jakautumisesta<br \/>\neik\u00f6 vaan<\/p>\n<p>nana<\/p>\n<p><img loading=\"lazy\" class=\"dots aligncenter wp-image-70 size-full\" src=\"http:\/\/www.viro-instituutti.fi\/nippernaati\/wp-content\/uploads\/2015\/10\/dots.png\" alt=\"dots\" width=\"102\" height=\"20\" srcset=\"https:\/\/www.viro-instituutti.fi\/nippernaati\/wp-content\/uploads\/2015\/10\/dots.png 102w, https:\/\/www.viro-instituutti.fi\/nippernaati\/wp-content\/uploads\/2015\/10\/dots-100x20.png 100w\" sizes=\"(max-width: 102px) 100vw, 102px\" \/><\/p>\n<h3>tytt\u00f6<\/h3>\n<p>sin\u00e4 lettip\u00e4\u00e4 joka<br \/>\nk\u00e4yt tanhutunneilla soitat pianoa<br \/>\n(kun soitat rahmaninovia kaikki katsovat suu auki)<br \/>\njota \u00e4iti ei p\u00e4\u00e4st\u00e4 toisten tytt\u00f6jen kanssa juomaan<br \/>\nennen kuin olet melkein 18<br \/>\nsin\u00e4 joka et satuttaisi k\u00e4rp\u00e4st\u00e4k\u00e4\u00e4n<br \/>\nsaat kymppej\u00e4 (yksikin yhdeksikk\u00f6<br \/>\ntodistuksessa saa sinut itkem\u00e4\u00e4n niin hysteerisesti ett\u00e4<br \/>\nkaikki ep\u00e4ilev\u00e4t \u00e4idin hakkaavan sinua kotona)<br \/>\nluet doris karevaa ja kirjoitat 11-vuotiaana<br \/>\np\u00f6yt\u00e4laatikkoon romanttisen riimirunon<br \/>\n(\u201dniin hell\u00e4sti s\u00e4 katsot minuun p\u00e4in<br \/>\nmy\u00f6s katseeni m\u00e4 sinuun luon<br \/>\nvaan saapuu pian<br \/>\nloppu tarun t\u00e4m\u00e4n<br \/>\net rakkauttas mulle en\u00e4\u00e4 suo\u201d)<br \/>\nsin\u00e4 joka et v\u00e4lit\u00e4 yhdenk\u00e4\u00e4n pojan silm\u00e4niskuista<br \/>\nalasel\u00e4n hennoista sipaisuista<br \/>\nennen kuin olet melkein 20<br \/>\nsinua niin juuri sinua<br \/>\nhaukutaan lopulta<br \/>\nluntuksi lutkaksi<br \/>\nkyl\u00e4huoraksi<br \/>\nnaisrunoilijaksi<\/p>\n<h3>miss universum<\/h3>\n<p>kauniin tyt\u00f6n runo<\/p>\n<p>t\u00e4n\u00e4\u00e4n kanssani<br \/>\nei voi<br \/>\nmenn\u00e4<br \/>\nliian pitk\u00e4lle<br \/>\ntahdon naida ja tappaa<\/p>\n<p>sill\u00e4 olen ollut liian kauan hyv\u00e4 tytt\u00f6<br \/>\nryhdyn taas pahaksi<br \/>\nmutta t\u00e4ll\u00e4 kertaa kuten lempipunkkarini<\/p>\n<p>min\u00e4 soitan<br \/>\nloppuun asti<\/p>\n<p>olen intohimoinen tytt\u00f6<br \/>\nparhaiten osaan<br \/>\nsuudella ja soimata<\/p>\n<p>kauniin tyt\u00f6n runo<\/p>\n<p>t\u00e4n\u00e4\u00e4n kanssani ei voi menn\u00e4 liian pitk\u00e4lle<br \/>\ntahdon naida ja<br \/>\ntappaa<\/p>\n<p>naida ja tappaa<br \/>\nenk\u00e4 min\u00e4 lopeta ennen kuin maailman huulet ovat vain minun<br \/>\njalkojeni<br \/>\nv\u00e4liss\u00e4<\/p>\n<p>en lopeta ennen kuin kaikki huulet ovat vain minun<br \/>\njalkojeni<br \/>\nv\u00e4liss\u00e4<br \/>\nenk\u00e4<br \/>\nmuuten<\/p>\n<p>ennen en lopeta<\/p>\n<h3>pihan kuningatar 4 ever<\/h3>\n<p>ole minun harmaa paratiisini<br \/>\nviel\u00e4 rakentamattoman kanaalin alku ja kanaalin<br \/>\nloppu<\/p>\n<p>ole minua 10 vuotta vanhemmat<br \/>\nrohkeasti meikatut<br \/>\ntyt\u00f6t hopeisissa tai kultaisissa korokepohjakengiss\u00e4\u00e4n<br \/>\nole heid\u00e4n poikakaverinsa kitaroineen<br \/>\np\u00e4iv\u00e4st\u00e4 p\u00e4iv\u00e4\u00e4n soittamassa sis\u00e4pihalla pelkk\u00e4\u00e4 tsoita<br \/>\netenkin sit\u00e4 yht\u00e4 biisi\u00e4<\/p>\n<p>ole minun syystanssini priislen takamailla<br \/>\nmiss\u00e4 vietimme kavereiden kanssa p\u00e4iv\u00e4t<br \/>\netsien kokispullon korkkeja uutta kokispulloa varten<br \/>\nja l\u00f6ysimmekin joka kerta<\/p>\n<p>ole h\u00e4nen ensimm\u00e4isen kerroksensa parvekkeenalus<br \/>\njohon on ikuisiksi ajoiksi kirjoitettu haalistuneella halvalla tussilla<br \/>\n\u0441\u0430\u0448\u0430 + \u0441\u0432\u0435\u0442\u0430 4 ever<br \/>\nole minua ikuisesti vihaavat pikkutyt\u00f6t<br \/>\nkoska h\u00e4n valitsi juuri minut<br \/>\nei se j\u00e4lkeenp\u00e4in tietenk\u00e4\u00e4n yll\u00e4t\u00e4<br \/>\nolin ainoa joka ei<br \/>\npiitannut h\u00e4nest\u00e4 p\u00e4tk\u00e4\u00e4k\u00e4\u00e4n<\/p>\n<p>ole minua vihaavat onnelliset pikkutyt\u00f6t<br \/>\nkun lopulta muutin sielt\u00e4 pois<br \/>\nole heid\u00e4n j\u00e4\u00e4hyv\u00e4issanansa prikulleen<br \/>\n\u201dtoivottavasti sin\u00e4 et uudella pihalla esit\u00e4 samanlaista kuningatarta kuin t\u00e4\u00e4ll\u00e4\u201d<br \/>\nkaikilla itku silm\u00e4ss\u00e4<\/p>\n<p>ole minun yhdeks\u00e4nkymment\u00e4luvun loppuni<br \/>\nlinnam\u00e4e 45:n pihan penkeill\u00e4<br \/>\njoihin oli isoin kirjaimin aina raapustettu<br \/>\njoko nirvana<br \/>\ntai prodigy<\/p>\n<h3 id=\"author\" class=\"author\">Sveta Grigorjeva<\/h3>\n<p>Sveta Grigorjeva (s. 1988) on Tallinnassa asuva koreografi, ohjaaja, tanssija ja runoilija. H\u00e4n on opiskellut Tallinnan yliopiston lis\u00e4ksi Rans-kassa ja Gr\u00f6nlannissa. Ensimm\u00e4iset runonsa Grigorjeva julkaisi V\u00e4rske R\u00f5hk- ja Vikerkaar -kirjallisuuslehdiss\u00e4. Ensimm\u00e4inen ja t\u00e4h\u00e4n menness\u00e4 ainoa ilmestynyt runokokoelma <em>kes kardab sveta grigorjevat<\/em> (\u201dkuka pelk\u00e4\u00e4 sveta grigorjevaa\u201d) ilmestyi vuonna 2013. Kokoelma her\u00e4tti Viron kirjallisuuskent\u00e4ll\u00e4 kiivasta keskustelua realismista, vaikka kirjoittaja ei omien sanojensa mukaan pid\u00e4 realismia taiteessa kovinkaan mahdollisena. Grigorjevan runoja on helppo lukea omakohtaisina, jopa tunnustuksellisina. P\u00e4\u00e4llimm\u00e4isen\u00e4 niist\u00e4 v\u00e4littyy kuitenkin itsem\u00e4\u00e4r\u00e4\u00e4misen ja -m\u00e4\u00e4rittelyn t\u00e4rkeys. Runojen puhuja tuntuu toistuvasti pyrkiv\u00e4n ulos valmiiksi m\u00e4\u00e4ritellyist\u00e4 lokeroista, haastamaan laiskoja ja sovinnaisia luokitteluja, joissa nainen on joko huora tai madonna, runotytt\u00f6 tai r\u00e4\u00e4v\u00e4suu. Grigorjevan runot eiv\u00e4t pakota valitsemaan, niiden asenne on enemm\u00e4nkin <em>so what<\/em>, ole mit\u00e4 olet. Riitt\u00e4v\u00e4n pitk\u00e4lle viety (itse)ironia saattaa lopulta olla itse totuus.<\/p>\n<p><strong>Ohjaukset ja koreografiat:<\/strong><\/p>\n<ul>\n<li>Keda ma t\u00e4na tantsin (2011)<\/li>\n<li>S\u00d5P-RUS-EST (2012)<\/li>\n<li>Welcome to the Jungle (2012)<\/li>\n<li>Hoiak (2014)<\/li>\n<li>Smells Like Team Spirit (2015)<\/li>\n<li>Carmina Trash (2015)<\/li>\n<\/ul>\n<p><strong>Palkinnot:<\/strong><\/p>\n<ul>\n<li>S\u00f5ltumatu Tantsu \u00dchendus -yhdistyksen Vuoden tulokas -palkinto ohjauksesta S\u00d5P-RUS-EST 2012<\/li>\n<li>Tallinnan yliopiston kirjallisuuspalkinto 2013 (Vikerkaar-lehdess\u00e4 syyskuussa 2012 ilmestyneist\u00e4 runoista)<\/li>\n<li>Vikergallup-\u00e4\u00e4nestyksen voittaja: vuoden debyytti 2014 kokoelmalla <em>kes kardab sveta grigorjevat<\/em><\/li>\n<\/ul>\n<p><img loading=\"lazy\" class=\"dots aligncenter wp-image-70 size-full\" src=\"http:\/\/www.viro-instituutti.fi\/nippernaati\/wp-content\/uploads\/2015\/10\/dots.png\" alt=\"dots\" width=\"102\" height=\"20\" srcset=\"https:\/\/www.viro-instituutti.fi\/nippernaati\/wp-content\/uploads\/2015\/10\/dots.png 102w, https:\/\/www.viro-instituutti.fi\/nippernaati\/wp-content\/uploads\/2015\/10\/dots-100x20.png 100w\" sizes=\"(max-width: 102px) 100vw, 102px\" \/><\/p>\n<h3 id=\"author\" class=\"author\">Tuula Irene Friman<\/h3>\n<p>on Tallinnassa asuva suomen ja viron kielen opettaja ja suomentaja.<\/p>\n","protected":false},"excerpt":{"rendered":"<p>Lue lis\u00e4\u00e4 kirjailijasta Runoja Suomentanut Tuula Irene Friman synnyin vuonna 1988 ei en puhu viroa aksentilla etenk\u00e4\u00e4n silloin kun j\u00e4t\u00e4n nimeni kertomatta ei en puhu ven\u00e4j\u00e4\u00e4k\u00e4\u00e4n aksentilla etenk\u00e4\u00e4n silloin kun j\u00e4t\u00e4n kertomatta virolaisen \u00e4itini nimen lue t\u00e4m\u00e4 runo katsomatta nime\u00e4ni lue t\u00e4m\u00e4 runo ilman minun nime\u00e4ni ja sano viel\u00e4 ett\u00e4 puhun aksentilla t\u00e4ll\u00e4 paperilla ja ei min\u00e4 en halua pseudonyymi\u00e4 &#8230;<\/p>\n","protected":false},"author":1,"featured_media":0,"parent":289,"menu_order":5,"comment_status":"closed","ping_status":"closed","template":"","meta":{"inline_featured_image":false},"jetpack_sharing_enabled":true,"_links":{"self":[{"href":"https:\/\/www.viro-instituutti.fi\/nippernaati\/wp-json\/wp\/v2\/pages\/309"}],"collection":[{"href":"https:\/\/www.viro-instituutti.fi\/nippernaati\/wp-json\/wp\/v2\/pages"}],"about":[{"href":"https:\/\/www.viro-instituutti.fi\/nippernaati\/wp-json\/wp\/v2\/types\/page"}],"author":[{"embeddable":true,"href":"https:\/\/www.viro-instituutti.fi\/nippernaati\/wp-json\/wp\/v2\/users\/1"}],"replies":[{"embeddable":true,"href":"https:\/\/www.viro-instituutti.fi\/nippernaati\/wp-json\/wp\/v2\/comments?post=309"}],"version-history":[{"count":6,"href":"https:\/\/www.viro-instituutti.fi\/nippernaati\/wp-json\/wp\/v2\/pages\/309\/revisions"}],"predecessor-version":[{"id":359,"href":"https:\/\/www.viro-instituutti.fi\/nippernaati\/wp-json\/wp\/v2\/pages\/309\/revisions\/359"}],"up":[{"embeddable":true,"href":"https:\/\/www.viro-instituutti.fi\/nippernaati\/wp-json\/wp\/v2\/pages\/289"}],"wp:attachment":[{"href":"https:\/\/www.viro-instituutti.fi\/nippernaati\/wp-json\/wp\/v2\/media?parent=309"}],"curies":[{"name":"wp","href":"https:\/\/api.w.org\/{rel}","templated":true}]}}