{"id":314,"date":"2016-09-15T12:15:42","date_gmt":"2016-09-15T09:15:42","guid":{"rendered":"http:\/\/www.viro-instituutti.fi\/nippernaati\/?page_id=314"},"modified":"2016-10-03T15:49:40","modified_gmt":"2016-10-03T12:49:40","slug":"marko-magi","status":"publish","type":"page","link":"https:\/\/www.viro-instituutti.fi\/nippernaati\/nippernaati-2\/marko-magi\/","title":{"rendered":"Marko M\u00e4gi"},"content":{"rendered":"<div id=\"author-link\"><a href=\"#author\">Lue lis\u00e4\u00e4 kirjailijasta<\/a><\/div>\n<h2>Runoja<\/h2>\n<h4>Suomentanut Hannu Oittinen<\/h4>\n<h3>Ihmeellisi\u00e4 juttuja<\/h3>\n<p>P\u00e4\u00e4ss\u00e4 on kiinni<br \/>\nihmeellisi\u00e4 juttuja.<br \/>\nKuten silm\u00e4t<br \/>\nja korvat.<br \/>\nSyd\u00e4n ei kuitenkaan<br \/>\nole p\u00e4\u00e4ss\u00e4<br \/>\nkiinni.<\/p>\n<h3>Syksy<\/h3>\n<p>Miten valmistaa<br \/>\nhyvi\u00e4 kuivatettuja sanoja?<\/p>\n<h3>Emu<\/h3>\n<p>Suurikasvuinen<br \/>\nty\u00f6kyvyt\u00f6n lintu.<\/p>\n<h3>Maitoa<\/h3>\n<p>Kai jostain saa<br \/>\nmustavalko-kirjavaa<br \/>\nmaitoa?<\/p>\n<p>Sellaista<br \/>\nkuin lehm\u00e4t<br \/>\non oikeasti.<\/p>\n<h3>Ajatus<\/h3>\n<p>Pit\u00e4isi varmaan murtaa k\u00e4si tai s\u00e4\u00e4riluu.<br \/>\nAivojakin pit\u00e4isi jotenkin vaurioittaa.<br \/>\nSitten ei ehk\u00e4 h\u00e4vett\u00e4isi niin paljon.<\/p>\n<h3>Henkil\u00f6kohtaista<\/h3>\n<p>T\u00e4t\u00e4 kaikkea<br \/>\nkuuntelen<br \/>\nomasta radiosta.<\/p>\n<h3>Aidan katveessa<\/h3>\n<p>Tuuli hellii kielev\u00e4sti kyrv\u00e4n vartta.<br \/>\nOi riitt\u00e4isip\u00e4 sill\u00e4 viel\u00e4 puheenpartta!<\/p>\n<h3>Olen piilosilla<\/h3>\n<p>Melkein kukaan<br \/>\nei ole n\u00e4hnyt<br \/>\nminua selvin p\u00e4in.<br \/>\nSilloin olen piilossa.<\/p>\n<h3>Puutteita kanssak\u00e4ymisess\u00e4<\/h3>\n<p>Voi vittu!<br \/>\nEnh\u00e4n m\u00e4 kuule,<br \/>\njos puhun itse samaan aikaan.<\/p>\n<h3>Paiden mielipidefestivaali<\/h3>\n<p>Viime vuonna selvisi,<br \/>\nett\u00e4 paikallisilta asukkailta puuttuu mielipide siit\u00e4,<br \/>\nmiss\u00e4 sijaitsee Paiden linja-autosema.<\/p>\n<h3>Ilmainen paukku<\/h3>\n<p>Join omasta pullosta klubissa,<br \/>\njossa sai ilmaisen paukun.<\/p>\n<p>Heittiv\u00e4t ulos.<\/p>\n<h3>Krapulan terveydeksi<\/h3>\n<p>Oikeastaan jokaisella krapulalla on luonteensa,<br \/>\nsyntyhistoriansa ja kehityksens\u00e4.<br \/>\nKunnioittakaamme sit\u00e4!<\/p>\n<p>Kippis!<\/p>\n<h3>Integraatio<\/h3>\n<p>(Keskustelu maaseutubussissa)<\/p>\n<p>Tied\u00e4tk\u00f6,<br \/>\nkuka mulla on<br \/>\nkotona?<\/p>\n<p>No en.<\/p>\n<p>Rottweileri, koira,<br \/>\nhirve\u00e4<br \/>\npeto!<\/p>\n<p>Vaan tied\u00e4tk\u00f6,<br \/>\nmik\u00e4 sen nimi<br \/>\non?<\/p>\n<p>No en.<\/p>\n<p>Sen nimi<br \/>\non<br \/>\nRolf!<\/p>\n<p>Aha.<\/p>\n<p>Vaan tied\u00e4tk\u00f6,<br \/>\nmit\u00e4 se<br \/>\ntekee?<\/p>\n<p>No en.<\/p>\n<p>Se<br \/>\nsy\u00f6<br \/>\nsut.<\/p>\n<p>Aha.<\/p>\n<h3>Laatu<\/h3>\n<p>uni<br \/>\nkuin<br \/>\nkulunut C-kasetti<br \/>\nhauras ja katkeileva<\/p>\n<p>kuolema<br \/>\nkuin<br \/>\nkiilt\u00e4v\u00e4 CD-levy<br \/>\nkova ja kest\u00e4v\u00e4<\/p>\n<h3>Kuu ja aurinko<\/h3>\n<p>kuu on pelkk\u00e4 jippo<br \/>\njoka kiinnitt\u00e4\u00e4 huomion<br \/>\nongelmiin<br \/>\nihan kuten<br \/>\naurinkokin<\/p>\n<h3>Kev\u00e4t<\/h3>\n<p>Ehee,<br \/>\njuhuu.<br \/>\nHajee,<br \/>\njehuu!<\/p>\n<h3>S\u00e4velasteikko<\/h3>\n<p>olen s\u00e4velasteikko<br \/>\nvanha s\u00e4velasteikko<\/p>\n<p>astelkaa<br \/>\nminua<br \/>\npitkin<\/p>\n<h3>P\u00e4tkitty p\u00e4iv\u00e4<\/h3>\n<p>joka p\u00e4iv\u00e4<br \/>\nyht\u00e4 ja samaa<\/p>\n<p>her\u00e4\u00e4misen j\u00e4lkeen<br \/>\nv\u00e4h\u00e4n murkinaa<\/p>\n<p>sitten v\u00e4h\u00e4n<br \/>\nrukoilua<\/p>\n<p>sitten pikkaisen<br \/>\nrakkautta<\/p>\n<p>mihin<br \/>\nkeskityt<\/p>\n<p>yht\u00e4 ja samaa<br \/>\njoka p\u00e4iv\u00e4<\/p>\n<p>p\u00e4iv\u00e4 on<br \/>\np\u00e4tkitty<\/p>\n<p>mihin<br \/>\nkeskityt<\/p>\n<p>rutiinien<br \/>\np\u00e4tkim\u00e4<\/p>\n<p>joka yht\u00e4<br \/>\nja samaa p\u00e4iv\u00e4<\/p>\n<h3>Kes\u00e4inen idylli Toompealla<\/h3>\n<p>kaksi tytt\u00f6\u00e4<br \/>\ntoompealla<\/p>\n<p>kaukana n\u00e4kyy<br \/>\nkaistale merta<\/p>\n<p>kato laiva lipuu ohi<br \/>\nm\u00e4 vilkutan<br \/>\nsanoo toinen<br \/>\nkato kala ui ohi<br \/>\nm\u00e4 vilkutan<br \/>\nsanoo toinen<\/p>\n<h3 id=\"author\" class=\"author\">Marko M\u00e4gi<\/h3>\n<p>Lehtimiehen\u00e4 toimineen Marko M\u00e4en runoteos <em>Maitsestatud kanad<\/em> (\u201dMaustetut kanat\u201d, 2012) on harvinainen herkkupala jopa virolaisen vaihtoehtorunouden joukossa. Siin\u00e4 n\u00e4kyy sis\u00e4ll\u00f6n absurdius, iskelm\u00e4llisyys ja tekij\u00e4lleen ominainen tietoinen boheemius, joka ilmenee krapularunoina ja kapinahenkisyyten\u00e4, asenteellisena toiseutena. Tekstien juuret tuntuvat johtavan punkiin ja punkhenkisyyteen, kuten monella muullakin virolaisella nykylyyrikolla.<\/p>\n<p>M\u00e4en vahvinta puolta on hallittu ytimekkyys, joka sonnustautuu joskus kielellisen kokeilun ja hulluttelun, joskus tiiviin ja juonikkaan ajatusrunon muotoon: Kuu on pelkk\u00e4 jippo \/ joka kiinnitt\u00e4\u00e4 huomion ongelmiin \/ ihan kuten \/ aurinkokin (<em>Kuu ja aurinko<\/em>). Tiiviys n\u00e4kyy my\u00f6s pidemmiss\u00e4, usein absurdiin p\u00e4\u00e4tyviss\u00e4 runoissa samoin kuin tunnelmallisissa proosapaloissa. M\u00e4en koko julkaistu tuotanto on toistaiseksi koostunut proosakirjasta ja parista runokokoelmasta. H\u00e4net onkin tunnettu paremmin esiintyj\u00e4n\u00e4, joka tuskin j\u00e4tt\u00e4\u00e4 kuulijoitaan v\u00e4linpit\u00e4m\u00e4tt\u00f6m\u00e4ksi. Ilmeisen omael\u00e4m\u00e4kerrallisesta l\u00e4ht\u00f6kohdasta huolimatta tulos p\u00e4ihitt\u00e4\u00e4 itsekk\u00e4\u00e4n jaarittelun ja ylt\u00e4\u00e4 puhuttelevaksi runoksi, pois kirjoittajansa liepeilt\u00e4.<\/p>\n<p><img loading=\"lazy\" class=\"dots aligncenter wp-image-70 size-full\" src=\"http:\/\/www.viro-instituutti.fi\/nippernaati\/wp-content\/uploads\/2015\/10\/dots.png\" alt=\"dots\" width=\"102\" height=\"20\" srcset=\"https:\/\/www.viro-instituutti.fi\/nippernaati\/wp-content\/uploads\/2015\/10\/dots.png 102w, https:\/\/www.viro-instituutti.fi\/nippernaati\/wp-content\/uploads\/2015\/10\/dots-100x20.png 100w\" sizes=\"(max-width: 102px) 100vw, 102px\" \/><\/p>\n<h5>Hannu Oittinen<\/h5>\n<p>on pitk\u00e4\u00e4n toiminut viron kielen k\u00e4\u00e4nt\u00e4j\u00e4n\u00e4. H\u00e4nen suomennoksiinsa kuuluu useita romaaneja ja muuta proosaa, runsaasti runoutta ja joitakin tietokirjoja. Viron k\u00e4\u00e4nt\u00e4misen kautta h\u00e4n on joutunut pohtimaan my\u00f6s marginaalisuuden ja keskeisyyden ongelmaa.<\/p>\n","protected":false},"excerpt":{"rendered":"<p>Lue lis\u00e4\u00e4 kirjailijasta Runoja Suomentanut Hannu Oittinen Ihmeellisi\u00e4 juttuja P\u00e4\u00e4ss\u00e4 on kiinni ihmeellisi\u00e4 juttuja. Kuten silm\u00e4t ja korvat. Syd\u00e4n ei kuitenkaan ole p\u00e4\u00e4ss\u00e4 kiinni. Syksy Miten valmistaa hyvi\u00e4 kuivatettuja sanoja? Emu Suurikasvuinen ty\u00f6kyvyt\u00f6n lintu. Maitoa Kai jostain saa mustavalko-kirjavaa maitoa? Sellaista kuin lehm\u00e4t on oikeasti. Ajatus Pit\u00e4isi varmaan murtaa k\u00e4si tai s\u00e4\u00e4riluu. Aivojakin pit\u00e4isi jotenkin vaurioittaa. Sitten ei ehk\u00e4 h\u00e4vett\u00e4isi &#8230;<\/p>\n","protected":false},"author":1,"featured_media":0,"parent":289,"menu_order":6,"comment_status":"closed","ping_status":"closed","template":"","meta":{"inline_featured_image":false},"jetpack_sharing_enabled":true,"_links":{"self":[{"href":"https:\/\/www.viro-instituutti.fi\/nippernaati\/wp-json\/wp\/v2\/pages\/314"}],"collection":[{"href":"https:\/\/www.viro-instituutti.fi\/nippernaati\/wp-json\/wp\/v2\/pages"}],"about":[{"href":"https:\/\/www.viro-instituutti.fi\/nippernaati\/wp-json\/wp\/v2\/types\/page"}],"author":[{"embeddable":true,"href":"https:\/\/www.viro-instituutti.fi\/nippernaati\/wp-json\/wp\/v2\/users\/1"}],"replies":[{"embeddable":true,"href":"https:\/\/www.viro-instituutti.fi\/nippernaati\/wp-json\/wp\/v2\/comments?post=314"}],"version-history":[{"count":3,"href":"https:\/\/www.viro-instituutti.fi\/nippernaati\/wp-json\/wp\/v2\/pages\/314\/revisions"}],"predecessor-version":[{"id":361,"href":"https:\/\/www.viro-instituutti.fi\/nippernaati\/wp-json\/wp\/v2\/pages\/314\/revisions\/361"}],"up":[{"embeddable":true,"href":"https:\/\/www.viro-instituutti.fi\/nippernaati\/wp-json\/wp\/v2\/pages\/289"}],"wp:attachment":[{"href":"https:\/\/www.viro-instituutti.fi\/nippernaati\/wp-json\/wp\/v2\/media?parent=314"}],"curies":[{"name":"wp","href":"https:\/\/api.w.org\/{rel}","templated":true}]}}