{"id":40,"date":"2015-10-20T16:31:31","date_gmt":"2015-10-20T13:31:31","guid":{"rendered":"http:\/\/www.viro-instituutti.fi\/nippernaati\/?page_id=40"},"modified":"2016-09-15T13:19:14","modified_gmt":"2016-09-15T10:19:14","slug":"nippernaati-1","status":"publish","type":"page","link":"https:\/\/www.viro-instituutti.fi\/nippernaati\/nippernaati-1\/","title":{"rendered":"Nippernaati 1"},"content":{"rendered":"<div id=\"cs-content\" class=\"cs-content\"><div id=\"x-section-1\" class=\"x-section\" style=\"margin: 0px;padding: 0px; background-color: transparent;\" ><div id=\"\" class=\"x-container marginless-columns\" style=\"margin: 0px auto;padding: 0px;\" ><div  class=\"x-column x-sm x-1-1\" style=\"padding: 0px;opacity: 0;transition-duration: 1000ms;\" data-x-element=\"column\" data-x-params=\"{&quot;fade&quot;:true}\" data-fade=\"true\"><img  class=\"x-img man x-img-none\"  src=\"http:\/\/www.viro-instituutti.fi\/nippernaati\/wp-content\/uploads\/2015\/10\/nippernaati2015-1-koti.jpg\" ><\/div><\/div><\/div><div id=\"x-section-2\" class=\"x-section\" style=\"margin: 0px;padding: 1em 0px 0px; background-color: transparent;\" ><div id=\"\" class=\"x-container max width\" style=\"margin: 0px auto;padding: 0px;\" ><div  class=\"x-column x-sm x-1-1\" style=\"padding: 0px;\" ><h2  class=\"h-custom-headline man h2\" style=\"font-size: 2.5em;\"><span>T\u00e4m\u00e4 on Nippernaati<\/span><\/h2><h3  class=\"h-custom-headline cs-ta-center front-subhead h3\" ><span>suomennetun virolaisen kirjallisuuden antologiasarja<\/span><\/h3><div id=\"\" class=\"x-text cs-ta-justify welcome\" style=\"\" ><p>Ker&shy;ran vuo&shy;dessa ilmes&shy;tyv\u00e4 Nippernaati on Viro-&shy;instituutin oma aikakaus&shy;julkaisu&shy;tyyppinen sarja, jonka tavoit&shy;teena on tehd\u00e4 tunnetuksi tuoretta viro&shy;laista kauno&shy;kirjalli&shy;suutta. Yksiin kansiin on suomen&shy;nettu novelleja, runoutta ja romaani&shy;katkelmia kaikkiaan yhdelt\u00e4&shy;toista viro&shy;laiselta kirjaili&shy;jalta, joilta ei ole aiemmin juuri tai lainkaan julkaistu suo&shy;meksi. Nippernaatin p\u00e4\u00e4&shy;toimittaja on Sanna Immanen ja se ilmestyy sek\u00e4 paperi- ett\u00e4 verkko&shy;julkai&shy;suna.<\/p>\n<\/div><h3  class=\"h-custom-headline cs-ta-center front-subhead h3\" style=\"margin-top: 1.25em;\"><span>Ensimm\u00e4isen Nippernaatin kirjailijat ja suomentajat ovat:<\/span><\/h3><div id=\"\" class=\"x-text cs-ta-center welcome\" style=\"margin-top: 0;\" ><p><a href=\"http:\/\/www.viro-instituutti.fi\/nippernaati\/nippernaati-1\/p-i-filimonov\/\">P. I. Filimonov<\/a> (Jukka Mallinen)<br \/>\n<a href=\"http:\/\/www.viro-instituutti.fi\/nippernaati\/nippernaati-1\/meelis-friedenthal\/\">Meelis Friedenthal<\/a> (Kaisu Lahikainen)<br \/>\n<a href=\"http:\/\/www.viro-instituutti.fi\/nippernaati\/nippernaati-1\/andrei-ivanov\/\">Andrei Ivanov<\/a> (Jukka Mallinen)<br \/>\n<a href=\"http:\/\/www.viro-instituutti.fi\/nippernaati\/nippernaati-1\/maarja-kangro\/\">Maarja Kangro<\/a> (Jenni Kav\u00e9n)<br \/>\n<a href=\"http:\/\/www.viro-instituutti.fi\/nippernaati\/nippernaati-1\/igor-kotjuh\/\">Igor Kotjuh<\/a> (Jukka Mallinen)<br \/>\n<a href=\"http:\/\/www.viro-instituutti.fi\/nippernaati\/nippernaati-1\/armin-koomagi\/\">Armin K\u00f5om\u00e4gi<\/a> (Hannu Oittinen)<br \/>\n<a href=\"http:\/\/www.viro-instituutti.fi\/nippernaati\/nippernaati-1\/carolina-pihelgas\/\">Carolina Pihelgas<\/a> (Anniina Ljokkoi)<br \/>\n<a href=\"http:\/\/www.viro-instituutti.fi\/nippernaati\/nippernaati-1\/aare-pilv\/\">Aare Pilv<\/a> (Katja Meriluoto)<br \/>\n<a href=\"http:\/\/www.viro-instituutti.fi\/nippernaati\/nippernaati-1\/maarja-partna\/\">Maarja P\u00e4rtna<\/a> (Anniina Ljokkoi)<br \/>\n<a href=\"http:\/\/www.viro-instituutti.fi\/nippernaati\/nippernaati-1\/urmas-vadi\/\">Urmas Vadi<\/a> (Hanna Samola)<br \/>\n<a href=\"http:\/\/www.viro-instituutti.fi\/nippernaati\/nippernaati-1\/mait-vaik\/\">Mait Vaik<\/a> (Sanna Immanen)<\/p>\n<\/div><\/div><\/div><\/div><div id=\"x-section-3\" class=\"x-section\" style=\"margin: 0px;padding: 0px 4em 2em; background-color: transparent;\" ><div id=\"\" class=\"x-container max width\" style=\"margin: 0px auto;padding: 0px;\" ><div  class=\"x-column x-sm x-1-1\" style=\"padding: 0px;\" ><a  class=\"x-creative-cta tilaa-cta slide-top\" href=\"http:\/\/www.viro-instituutti.fi\/nippernaati\/tilaa-nippernaati\/\" style=\"padding: 15px 15px 11px 15px; color: #ffffff; background-color: #50bcc1;\" data-x-element=\"creative_cta\" data-x-params=\"{&quot;animation&quot;:&quot; slide-top&quot;,&quot;bg_color&quot;:&quot;#50bcc1&quot;,&quot;bg_color_hover&quot;:&quot;#009ba2&quot;}\"><span class=\"text\" style=\"font-size: 24px;\">Tilaa Nippernaati<\/span><span class=\"graphic\"><i style=\"margin: 0; font-size: 36px;\" class=\"x-icon-book\" data-x-icon-s=\"&#xf02d;\"><\/i><\/span><\/a><\/div><\/div><\/div><\/div>\n","protected":false},"excerpt":{"rendered":"","protected":false},"author":1,"featured_media":0,"parent":0,"menu_order":1,"comment_status":"closed","ping_status":"closed","template":"","meta":{"inline_featured_image":false},"jetpack_sharing_enabled":true,"_links":{"self":[{"href":"https:\/\/www.viro-instituutti.fi\/nippernaati\/wp-json\/wp\/v2\/pages\/40"}],"collection":[{"href":"https:\/\/www.viro-instituutti.fi\/nippernaati\/wp-json\/wp\/v2\/pages"}],"about":[{"href":"https:\/\/www.viro-instituutti.fi\/nippernaati\/wp-json\/wp\/v2\/types\/page"}],"author":[{"embeddable":true,"href":"https:\/\/www.viro-instituutti.fi\/nippernaati\/wp-json\/wp\/v2\/users\/1"}],"replies":[{"embeddable":true,"href":"https:\/\/www.viro-instituutti.fi\/nippernaati\/wp-json\/wp\/v2\/comments?post=40"}],"version-history":[{"count":3,"href":"https:\/\/www.viro-instituutti.fi\/nippernaati\/wp-json\/wp\/v2\/pages\/40\/revisions"}],"predecessor-version":[{"id":332,"href":"https:\/\/www.viro-instituutti.fi\/nippernaati\/wp-json\/wp\/v2\/pages\/40\/revisions\/332"}],"wp:attachment":[{"href":"https:\/\/www.viro-instituutti.fi\/nippernaati\/wp-json\/wp\/v2\/media?parent=40"}],"curies":[{"name":"wp","href":"https:\/\/api.w.org\/{rel}","templated":true}]}}